+ 3*s = -i + 455, 3*i = 3*s + 1440. Suppose 0*c = 5*c - i. Is c a composite number?
True
Suppose -4098 = -4*h + 218. Let r(t) = 97*t + 13. Let f be r(-7). Let q = h + f. Is q a prime number?
False
Let a(s) = 3011*s - 4. Is a(3) composite?
False
Let a(f) = 0*f - 5 + 23*f + 13*f. Suppose 6*b - 2*b = u + 2, 3*b = 5*u - 24. Is a(u) a composite number?
False
Let d(j) = 6*j + 1. Let k(z) = -7*z. Let o(g) = -5*d(g) - 4*k(g). Let x be o(-4). Suppose x*m - 1041 = -0*m. Is m composite?
False
Let z(a) = -2*a**3 - a**2 + 2*a - 5. Let q be z(5). Let t = q + 415. Is t a prime number?
False
Suppose -34*z = 71*z - 1394715. Is z a composite number?
True
Suppose -b + 0*b = 16. Let d = b - -19. Suppose a + 84 = -3*l + 380, d*l = 3*a - 876. Is a prime?
True
Suppose n = 5*r - 1487, -7*r + 3*r = 4. Let g = n - -2127. Is g prime?
False
Let c(m) = -5*m**3 + 18*m**2 - m - 1. Let f(t) = -9*t**3 + 36*t**2 - t - 1. Let s(o) = -7*c(o) + 4*f(o). Is s(13) composite?
False
Let o(x) = -20*x - 81. Is o(-8) prime?
True
Let d(j) = -2*j**3 + 9*j**2 + 13*j - 2. Let r be d(-6). Suppose 0 = 3*n - 317 - r. Is n composite?
False
Suppose 7*u + 9725 = 3*g + 6*u, -2*g + 5*u = -6492. Is g prime?
False
Let m(w) = -4*w - 36. Let n be m(-9). Suppose n*f = 12*f - 18012. Is f a composite number?
True
Let t be 1/(((-25)/(-10))/5). Suppose t*c - 5*c = -1491. Is c a composite number?
True
Let d(i) = 6*i**2 - i - 2. Let q be d(-1). Suppose -6*c + q*c = -4*u + 259, c = u - 64. Suppose s = u + 6. Is s a composite number?
False
Suppose 2*d + 6 = 5*d. Suppose -5*j + j = -d*m - 3736, -4*j + 4*m + 3740 = 0. Is j a prime number?
False
Suppose 0 = -3*v + 11 + 4. Suppose v*w + 0*w - b - 20 = 0, -2*w = 5*b - 8. Suppose -5*n + 603 = w*n. Is n a composite number?
False
Suppose 2*o = -3*o. Suppose 4*m - 21 + 1 = o. Suppose -2*a = t - 6*a - 57, 25 = -m*a. Is t a prime number?
True
Is 36/(-27) - 103348/12*-1 composite?
True
Let u(a) = -7 + 0*a - 91*a - 10*a - 84*a. Is u(-8) a prime number?
False
Let y(m) = -m**3 + 26*m**2 - 25*m + 3. Let t be y(25). Let b be 1/(-4) - (-1178)/8. Suppose k = -t*k - 4*r + 120, -4*k + 5*r = -b. Is k prime?
False
Let n(x) be the third derivative of 107*x**5/60 - x**4/12 + x**3/6 - x**2. Let a be (6 - 2) + -2 + -1. Is n(a) composite?
True
Let h be -5 + -3*(-21)/9. Suppose -4*a - a - 1063 = -l, 0 = -h*l + 2*a + 2094. Is l prime?
False
Let v(i) = -58*i - 113. Is v(-15) a prime number?
True
Let x(y) = 25*y - 33. Let b be x(-10). Let p = b + 590. Is p prime?
True
Let s(l) be the first derivative of l**4 + 2*l**3/3 - l - 2. Let r be s(1). Suppose 0 = -r*k + 113 + 177. Is k a prime number?
False
Let c = 7 + 0. Suppose 3*i = c*i - 16. Is (794 - 0)/(i + -2) a prime number?
True
Let h = -138638 - -287649. Is h composite?
False
Let d(m) = -509*m - 3. Let j be d(-1). Suppose -p + 3*y = 5*y - 511, -p - y + j = 0. Is p a prime number?
False
Let d(k) = 93*k**3 - 8*k**2 - 2*k. Let s be d(2). Let h = s + -61. Is h a composite number?
False
Let n(o) = -2*o**3 - 9*o**2 - 4*o - 37. Is n(-8) prime?
True
Let a(w) = 20*w + 2. Let r(l) = 20*l + 2. Let b(f) = -2*a(f) + 3*r(f). Suppose 4*d - 3*x = 0, -7*x = 3*d - 2*x - 29. Is b(d) a prime number?
False
Suppose -4*i + 3*b + 601 = 0, -i + 7*b + 155 = 11*b. Let c be 658/(-8) - 1/(-4). Let d = c + i. Is d composite?
True
Suppose 2*a - 3*a + 4*h + 5 = 0, 28 = 3*a + h. Let u be 8/36 - (-52)/a. Suppose f = u*f - 415. Is f prime?
True
Suppose -4*b - 3*t - 2*t + 1550 = 0, 3*t + 1919 = 5*b. Let h be b + (12 - 4 - 4). Suppose 631 = 5*j + o, -3*j = -o - o - h. Is j composite?
False
Let o = 35 + -32. Let m = o - -2. Suppose 194 = m*n - 5*f - 451, -4*f + 149 = n. Is n composite?
True
Let w(b) = 2*b - 9. Let n be w(8). Let f be 3/n + (-51260)/(-35). Suppose -f = r - 6*r. Is r composite?
False
Suppose t + 573 = 2*h, t + 3*t = 12. Suppose c - 139 = -3*a, 3*c + 0*c - 397 = -4*a. Let f = h - c. Is f prime?
False
Suppose 2*j + 53591 = 3*s, -3*s - 35730 = -5*s + 4*j. Is s prime?
True
Let z be 1/5 - 156/30. Is -3*(z/20)/((-3)/(-4244)) a prime number?
True
Let b(u) = -u**3 - 10*u**2 + 11*u - 15. Let i be b(-11). Is (2 + i/10)*962 a prime number?
False
Suppose -4*g = p - 1271, -10*p - 628 = -2*g - 8*p. Is g prime?
True
Let r be 691*((1 - 3) + 3). Suppose -9*w = -8*w + 5*g - 480, -5*w + 2400 = 4*g. Let q = r - w. Is q a composite number?
False
Let u = 173 + 29. Is u a composite number?
True
Is 808470/225 + 2/(-10) a composite number?
False
Suppose 3*j = p - 16, 0*p + 5*j + 28 = 2*p. Suppose 143 = 5*s + 193. Is (548/(-5))/(p/s) prime?
False
Is ((-2)/(24/177))/((-5)/140) prime?
False
Let i(z) = -60*z + 5. Let k be i(10). Let d(f) = -7*f**2 + 10*f + 6. Let y be d(12). Let v = k - y. Is v a composite number?
True
Suppose 3*j - 137226 - 32511 = 0. Is j a prime number?
False
Let p be 3 - (2 + -1011) - -4. Let g = p - 394. Let a = 57 + g. Is a composite?
True
Let m = -271 - -479. Suppose m - 633 = -5*u. Is u prime?
False
Suppose 2*h + 8 - 26 = -2*k, 5*h - 5*k = 35. Let z = 13 - h. Suppose p + 3*f - 151 = 0, -z*f - 128 - 7 = -p. Is p prime?
False
Let y(j) = 33*j**2 - 8*j - 22. Is y(9) prime?
True
Let i be (-28)/(-126) - 43/(-9). Let x be 15/(0 + i) + 0. Suppose -3*f = -n - x*n - 518, 910 = 5*f + 5*n. Is f prime?
False
Is (-2 + (-25)/(-15))*(-8 + -7819) prime?
True
Let y be (-6)/3*4/(-8). Let n(m) = 17*m + 2. Is n(y) composite?
False
Suppose 2522 = -14*m + 14478. Let w(r) = -9*r**3 + 4*r - 3. Let o be w(4). Let l = o + m. Is l a composite number?
True
Let j(s) = -994*s**2 + 9*s + 26. Let t(u) = -331*u**2 + 3*u + 9. Let r(c) = -6*j(c) + 17*t(c). Is r(-1) a composite number?
False
Let j = -30 - -32. Suppose -1 = -2*d - j*n + 119, 5*d - n - 294 = 0. Suppose -3*t = 14 - d. Is t a prime number?
False
Let n(g) = -123*g**2 + g - 1. Let w be n(1). Let z = w + 217. Is z a composite number?
True
Suppose -2*i + 4*u = 12, 2*i = i + 4*u. Let t be (i/(-10))/(1/5). Suppose 55 = -s + t*s. Is s composite?
False
Suppose 2*w = w + 4. Suppose -4*q + 1025 = -v, 3*v - 682 - 355 = -w*q. Is q prime?
True
Let k = 4974 + -1283. Is k a composite number?
False
Suppose -89 = -l + q, -2*q + 6 = -5*q. Is l prime?
False
Let y = -12143 - -21780. Is y composite?
True
Let s(n) = -5*n**3 - 9*n**2 + 10*n - 22. Let f be s(-5). Suppose -223 = -j - 6. Let g = f - j. Is g a composite number?
True
Suppose 0 = 5*v + 9783 - 23773. Is v a composite number?
True
Let s = -4274 + 8417. Is s prime?
False
Suppose 2*v - 2*y = -4, 2*v + 0*y = 5*y - 1. Let h be (v/(-9))/((-2)/(-36)). Is (-5327)/(-14) - 9/h a prime number?
True
Suppose 0 = -3*m - 3*u + 18, -2*u - 1 = 1. Let s(l) = 163*l - 2. Is s(m) a composite number?
True
Suppose -5*x - 10 = -7*x. Suppose -x*r - 643 = -3*p, p + 5*r = 59 + 142. Is p composite?
False
Let a(j) = j**3 - 5*j**2 - 8*j + 6. Let k be a(6). Let n(b) = 87*b**2 - 5*b + 1. Is n(k) a prime number?
True
Let v(g) = -622*g - 247. Is v(-11) composite?
True
Let o = -7 - -9. Suppose 150 = o*f - 4*s, s = -2*f - 0*s + 175. Let d = 18 + f. Is d composite?
False
Let d(h) = -1217*h - 9. Let f(o) = 2435*o + 18. Let v(t) = -7*d(t) - 3*f(t). Is v(2) a composite number?
False
Is (-1)/(-2) - -73202*5/20 a composite number?
False
Let f = -221 - -667. Suppose 312 + f = 2*u. Is u composite?
False
Suppose -70*i = -66*i - 15116. Is i a prime number?
True
Let t(q) = -2*q**3 - 9*q**2 - 2*q + 3607. Let v(k) = k**3 + 5*k**2 + k - 1804. Let p(i) = 3*t(i) + 5*v(i). Is p(0) a prime number?
True
Suppose -4*k + 12 = -2*k. Suppose -2*w - k = 12. Let p = 2 - w. Is p prime?
True
Let s be -1 - (-22)/8 - (-4)/16. Is (20/(-24))/(s/(-4404)) prime?
False
Let u = 180 - 8. Suppose s + u = 3*s. Is s prime?
False
Suppose 5 = -y + v, 2*v = 2*y + 6*v - 8. Let x(h) = 303*h**2 - h - 1. Is x(y) prime?
True
Suppose 0 = 66*x - 63*x - 3531. Is x composite?
True
Suppose 16*h - 2085 = 21*h. Let c = -194 - h. Is c prime?
True
Suppose -3*t = s + 4 - 13, 4*t - 5*s = -7. Suppose 5*z + 4*n - 276 = 0, -n - 2*n = -t*z + 92. Let i = 89 - z. Is i a composite number?
False
Suppose -3*q + 5 + 1 = 3*h, 2 = q + 2*h. Let x(s) = 0 + q*s - 2 - 35*s. Is x(-3) prime?
True
Suppose 3 = m - 3*g, 0 = -3*g - 2*g. Suppose 16*p - 17*p = -1913. Suppose -2*z + z = 2*w - p, -z = -m. Is w composite?
True
Suppose 5*o - 34 = -9. Suppose 6 - o = -i. Is (42/i)/(9 - 11) prime?
False
Suppose -3*s - 111 